{"id":53,"date":"2026-01-26T12:24:42","date_gmt":"2026-01-26T12:24:42","guid":{"rendered":"https:\/\/kronoslearning.es\/?page_id=53"},"modified":"2026-01-26T17:02:33","modified_gmt":"2026-01-26T17:02:33","slug":"catalogo-cursos-tecnologia","status":"publish","type":"page","link":"https:\/\/kronoslearning.es\/index.php\/catalogo-cursos-tecnologia\/","title":{"rendered":"Cursos"},"content":{"rendered":"\t\t<div data-elementor-type=\"wp-page\" data-elementor-id=\"53\" class=\"elementor elementor-53\" data-elementor-post-type=\"page\">\n\t\t\t\t<div class=\"elementor-element elementor-element-47aea53 e-flex e-con-boxed e-con e-parent\" data-id=\"47aea53\" data-element_type=\"container\">\n\t\t\t\t\t<div class=\"e-con-inner\">\n\t\t<div class=\"elementor-element elementor-element-49e3c8f e-con-full e-flex e-con e-child\" data-id=\"49e3c8f\" data-element_type=\"container\">\n\t\t\t\t<div class=\"elementor-element elementor-element-f3f7519 elementor-widget elementor-widget-text-editor\" data-id=\"f3f7519\" data-element_type=\"widget\" data-widget_type=\"text-editor.default\">\n\t\t\t\t\t\t\t\t\t<p class=\"text-xs uppercase tracking-[0.3em] text-gray-500 mb-3\">Cat\u00e1logo<\/p><h1 class=\"text-5xl md:text-6xl font-extralight tracking-tight mb-6\">Nuestros cursos<\/h1><p class=\"text-lg text-gray-400 font-light\">Explora nuestra oferta formativa y encuentra el curso perfecto para impulsar tu carrera en tecnolog\u00eda.<\/p>\t\t\t\t\t\t\t\t<\/div>\n\t\t\t\t<\/div>\n\t\t\t\t\t<\/div>\n\t\t\t\t<\/div>\n\t\t<div class=\"elementor-element elementor-element-8d2b8a6 e-flex e-con-boxed e-con e-parent\" data-id=\"8d2b8a6\" data-element_type=\"container\">\n\t\t\t\t\t<div class=\"e-con-inner\">\n\t\t\t\t<div class=\"elementor-element elementor-element-7e302ef elementor-widget elementor-widget-html\" data-id=\"7e302ef\" data-element_type=\"widget\" data-widget_type=\"html.default\">\n\t\t\t\t\t<!DOCTYPE html>\n<html lang=\"es\">\n<head>\n    <meta charset=\"UTF-8\">\n    <meta name=\"viewport\" content=\"width=device-width, initial-scale=1.0\">\n    <title>Cursos T\u00e9cnicos - Cat\u00e1logo<\/title>\n    <script src=\"https:\/\/cdn.tailwindcss.com\"><\/script>\n    <link href=\"https:\/\/fonts.googleapis.com\/css2?family=Inter:wght@300;400;500;600;700&display=swap\" rel=\"stylesheet\">\n    <style>\n        body { font-family: 'Inter', sans-serif; }\n        a.group { text-decoration: none !important; }\n    <\/style>\n<\/head>\n<body class=\"bg-slate-50\">\n\n    <section class=\"py-20 px-6\">\n        <div class=\"max-w-7xl mx-auto\">\n            \n            <div class=\"grid grid-cols-1 md:grid-cols-2 lg:grid-cols-3 gap-8\">\n                \n                <a href=\"https:\/\/kronoslearning.es\/index.php\/curso-scrum-master-certificacion\/\" class=\"group relative bg-white flex flex-col h-full rounded-2xl overflow-hidden border border-slate-200 hover:border-blue-500 transition-all duration-300 hover:shadow-2xl hover:-translate-y-1\">\n                   <div class=\"aspect-[16\/10] overflow-hidden bg-amber-100 relative\">\n                        <div class=\"absolute inset-0 bg-amber-600\/10 group-hover:bg-transparent transition-colors duration-300 z-10\"><\/div>\n                        <img decoding=\"async\" \n                          src=\"https:\/\/kronoslearning.es\/wp-content\/uploads\/2026\/01\/Gemini_Generated_Image_kt5bedkt5bedkt5b.png\" \n                          alt=\"Metodolog\u00eda \u00c1gil\"\n                          class=\"w-full h-full object-cover transition-transform duration-700 group-hover:scale-110\"\n                        \/>\n                    <\/div>\n                    <div class=\"p-8 flex flex-col flex-grow\">\n                        <div class=\"flex items-center gap-2 text-[10px] font-bold tracking-widest mb-4\">\n                            <span class=\"text-blue-600 bg-blue-50 px-2 py-1 rounded\">METODOLOG\u00cdA \u00c1GIL<\/span>\n                            <span class=\"text-slate-300\">\u2022<\/span>\n                            <span class=\"text-slate-500 uppercase\">EMPRESARIAL<\/span>\n                        <\/div>\n                        <h3 class=\"text-2xl text-slate-800 font-bold mb-3 group-hover:text-blue-600 transition-colors\">Scrum Master<\/h3>\n                        <p class=\"text-sm text-slate-500 leading-relaxed mb-8 flex-grow\">\n                         Este curso ense\u00f1a a liderar equipos bajo la metodolog\u00eda Scrum, transformando la gesti\u00f3n tradicional en un modelo \u00e1gil de entrega de valor continuo.\n                        <\/p>\n                        <div class=\"pt-6 border-t border-slate-100 flex items-center justify-between mt-auto\">\n                            <div class=\"flex items-center gap-4 text-xs font-medium text-slate-400\">\n                                <div class=\"flex items-center gap-1.5 group-hover:text-blue-500 transition-colors\"><svg xmlns=\"http:\/\/www.w3.org\/2000\/svg\" width=\"14\" height=\"14\" viewBox=\"0 0 24 24\" fill=\"none\" stroke=\"currentColor\" stroke-width=\"2.5\" stroke-linecap=\"round\" stroke-linejoin=\"round\"><circle cx=\"12\" cy=\"12\" r=\"10\"\/><polyline points=\"12 6 12 12 16 14\"\/><\/svg><span>20h<\/span><\/div>\n                                \n                            <\/div>\n                            <div class=\"flex items-center gap-2 text-lg font-bold text-blue-600\">\n                              \n                                <div class=\"bg-blue-600 text-white p-1 rounded-full group-hover:translate-x-1 transition-transform\"><svg xmlns=\"http:\/\/www.w3.org\/2000\/svg\" width=\"16\" height=\"16\" viewBox=\"0 0 24 24\" fill=\"none\" stroke=\"currentColor\" stroke-width=\"3\" stroke-linecap=\"round\" stroke-linejoin=\"round\"><path d=\"M5 12h14\"\/><path d=\"m12 5 7 7-7 7\"\/><\/svg><\/div>\n                            <\/div>\n                        <\/div>\n                    <\/div>\n                <\/a>\n\n                <a href=\"https:\/\/kronoslearning.es\/index.php\/curso-metodologia-agil-scrum\/\" class=\"group relative bg-white flex flex-col h-full rounded-2xl overflow-hidden border border-slate-200 hover:border-amber-500 transition-all duration-300 hover:shadow-2xl hover:-translate-y-1\">\n                    <div class=\"aspect-[16\/10] overflow-hidden bg-amber-100 relative\">\n                        <div class=\"absolute inset-0 bg-amber-600\/10 group-hover:bg-transparent transition-colors duration-300 z-10\"><\/div>\n                        <img decoding=\"async\" \n                          src=\"https:\/\/kronoslearning.es\/wp-content\/uploads\/2026\/01\/Gemini_Generated_Image_ice7ztice7ztice7.png\" \n                          alt=\"Metodolog\u00eda \u00c1gil\"\n                          class=\"w-full h-full object-cover transition-transform duration-700 group-hover:scale-110\"\n                        \/>\n                    <\/div>\n                    <div class=\"p-8 flex flex-col flex-grow\">\n                        <div class=\"flex items-center gap-2 text-[10px] font-bold tracking-widest mb-4\">\n                            <span class=\"text-amber-600 bg-amber-50 px-2 py-1 rounded\">GESTI\u00d3N<\/span>\n                            <span class=\"text-slate-300\">\u2022<\/span>\n                            <span class=\"text-slate-500 uppercase\">EMPRESARIAL<\/span>\n                        <\/div>\n                        <h3 class=\"text-2xl text-slate-800 font-bold mb-3 group-hover:text-amber-600 transition-colors\">Metodolog\u00eda \u00c1gil<\/h3>\n                        <p class=\"text-sm text-slate-500 leading-relaxed mb-8 flex-grow\">\n                          Domina los marcos de trabajo \u00e1giles m\u00e1s demandados de la industria (Scrum, Kanban, Lean).\n                        <\/p>\n                        <div class=\"pt-6 border-t border-slate-100 flex items-center justify-between mt-auto\">\n                            <div class=\"flex items-center gap-4 text-xs font-medium text-slate-400\">\n                                <div class=\"flex items-center gap-1.5 group-hover:text-amber-500 transition-colors\"><svg xmlns=\"http:\/\/www.w3.org\/2000\/svg\" width=\"14\" height=\"14\" viewBox=\"0 0 24 24\" fill=\"none\" stroke=\"currentColor\" stroke-width=\"2.5\" stroke-linecap=\"round\" stroke-linejoin=\"round\"><circle cx=\"12\" cy=\"12\" r=\"10\"\/><polyline points=\"12 6 12 12 16 14\"\/><\/svg><span>16h<\/span><\/div>\n                                \n                            <\/div>\n                            <div class=\"flex items-center gap-2 text-lg font-bold text-amber-600\">\n                                \n                                <div class=\"bg-amber-600 text-white p-1 rounded-full group-hover:translate-x-1 transition-transform\"><svg xmlns=\"http:\/\/www.w3.org\/2000\/svg\" width=\"16\" height=\"16\" viewBox=\"0 0 24 24\" fill=\"none\" stroke=\"currentColor\" stroke-width=\"3\" stroke-linecap=\"round\" stroke-linejoin=\"round\"><path d=\"M5 12h14\"\/><path d=\"m12 5 7 7-7 7\"\/><\/svg><\/div>\n                            <\/div>\n                        <\/div>\n                    <\/div>\n                <\/a>\n\n                <a href=\"https:\/\/kronoslearning.es\/index.php\/curso-kanban-gestion-flujo\/\" class=\"group relative bg-white flex flex-col h-full rounded-2xl overflow-hidden border border-slate-200 hover:border-emerald-500 transition-all duration-300 hover:shadow-2xl hover:-translate-y-1\">\n                    <div class=\"aspect-[16\/10] overflow-hidden bg-emerald-100 relative\">\n                        <div class=\"absolute inset-0 bg-emerald-600\/10 group-hover:bg-transparent transition-colors duration-300 z-10\"><\/div>\n                        <img decoding=\"async\" \n                          src=\"https:\/\/kronoslearning.es\/wp-content\/uploads\/2026\/01\/Gemini_Generated_Image_z13wisz13wisz13w.png\" \n                          alt=\"Kanban\"\n                          class=\"w-full h-full object-cover transition-transform duration-700 group-hover:scale-110\"\n                        \/>\n                    <\/div>\n                    <div class=\"p-8 flex flex-col flex-grow\">\n                        <div class=\"flex items-center gap-2 text-[10px] font-bold tracking-widest mb-4\">\n                            <span class=\"text-emerald-600 bg-emerald-50 px-2 py-1 rounded\">FLUJO DE TRABAJO<\/span>\n                            <span class=\"text-slate-300\">\u2022<\/span>\n                            <span class=\"text-slate-500 uppercase\">CONTINUO<\/span>\n                        <\/div>\n                        <h3 class=\"text-2xl text-slate-800 font-bold mb-3 group-hover:text-emerald-600 transition-colors\">Kanban<\/h3>\n                        <p class=\"text-sm text-slate-500 leading-relaxed mb-8 flex-grow\">\n                          Domina el sistema visual m\u00e1s efectivo para la gesti\u00f3n del flujo y la limitaci\u00f3n del trabajo. WIP, tarjetas, tableros, m\u00e9tricas y entregas frecuentes.\n                        <\/p>\n                        <div class=\"pt-6 border-t border-slate-100 flex items-center justify-between mt-auto\">\n                            <div class=\"flex items-center gap-4 text-xs font-medium text-slate-400\">\n                                <div class=\"flex items-center gap-1.5 group-hover:text-emerald-500 transition-colors\"><svg xmlns=\"http:\/\/www.w3.org\/2000\/svg\" width=\"14\" height=\"14\" viewBox=\"0 0 24 24\" fill=\"none\" stroke=\"currentColor\" stroke-width=\"2.5\" stroke-linecap=\"round\" stroke-linejoin=\"round\"><circle cx=\"12\" cy=\"12\" r=\"10\"\/><polyline points=\"12 6 12 12 16 14\"\/><\/svg><span>10h<\/span><\/div>\n                               \n                            <\/div>\n                            <div class=\"flex items-center gap-2 text-lg font-bold text-emerald-600\">\n                            \n                                <div class=\"bg-emerald-600 text-white p-1 rounded-full group-hover:translate-x-1 transition-transform\"><svg xmlns=\"http:\/\/www.w3.org\/2000\/svg\" width=\"16\" height=\"16\" viewBox=\"0 0 24 24\" fill=\"none\" stroke=\"currentColor\" stroke-width=\"3\" stroke-linecap=\"round\" stroke-linejoin=\"round\"><path d=\"M5 12h14\"\/><path d=\"m12 5 7 7-7 7\"\/><\/svg><\/div>\n                            <\/div>\n                        <\/div>\n                    <\/div>\n                <\/a>\n\n                <a href=\"https:\/\/kronoslearning.es\/index.php\/curso-spring-boot-java\/\" class=\"group relative bg-white flex flex-col h-full rounded-2xl overflow-hidden border border-slate-200 hover:border-orange-500 transition-all duration-300 hover:shadow-2xl hover:-translate-y-1\">\n                    <div class=\"aspect-[16\/10] overflow-hidden bg-orange-100 relative\">\n                        <div class=\"absolute inset-0 bg-orange-600\/10 group-hover:bg-transparent transition-colors duration-300 z-10\"><\/div>\n                        <img decoding=\"async\" src=\"https:\/\/images.unsplash.com\/photo-1517694712202-14dd9538aa97?q=80&w=800&auto=format&fit=crop\" alt=\"Java\" class=\"w-full h-full object-cover transition-transform duration-700 group-hover:scale-110\" \/>\n                    <\/div>\n                    <div class=\"p-8 flex flex-col flex-grow\">\n                        <div class=\"flex items-center gap-2 text-[10px] font-bold tracking-widest mb-4\">\n                            <span class=\"text-orange-600 bg-orange-50 px-2 py-1 rounded\">DESARROLLO<\/span>\n                            <span class=\"text-slate-300\">\u2022<\/span>\n                            <span class=\"text-slate-500 uppercase\">BACKEND<\/span>\n                        <\/div>\n                        <h3 class=\"text-2xl text-slate-800 font-bold mb-3 group-hover:text-orange-600 transition-colors\">Java Spring Boot<\/h3>\n                        <p class=\"text-sm text-slate-500 leading-relaxed mb-8 flex-grow\">Aprende a desarrollar aplicaciones empresariales robustas y microservicios escalables con Java 17.<\/p>\n                        <div class=\"pt-6 border-t border-slate-100 flex items-center justify-between mt-auto\">\n                            <div class=\"flex items-center gap-4 text-xs font-medium text-slate-400\">\n                                <div class=\"flex items-center gap-1.5 group-hover:text-orange-500 transition-colors\"><svg xmlns=\"http:\/\/www.w3.org\/2000\/svg\" width=\"14\" height=\"14\" viewBox=\"0 0 24 24\" fill=\"none\" stroke=\"currentColor\" stroke-width=\"2.5\" stroke-linecap=\"round\" stroke-linejoin=\"round\"><circle cx=\"12\" cy=\"12\" r=\"10\"\/><polyline points=\"12 6 12 12 16 14\"\/><\/svg><span>25h<\/span><\/div>\n                                \n                            <\/div>\n                            <div class=\"flex items-center gap-2 text-lg font-bold text-orange-600\"><div class=\"bg-orange-600 text-white p-1 rounded-full group-hover:translate-x-1 transition-transform\"><svg xmlns=\"http:\/\/www.w3.org\/2000\/svg\" width=\"16\" height=\"16\" viewBox=\"0 0 24 24\" fill=\"none\" stroke=\"currentColor\" stroke-width=\"3\" stroke-linecap=\"round\" stroke-linejoin=\"round\"><path d=\"M5 12h14\"\/><path d=\"m12 5 7 7-7 7\"\/><\/svg><\/div><\/div>\n                        <\/div>\n                    <\/div>\n                <\/a>\n\n                <a href=\"https:\/\/kronoslearning.es\/index.php\/curso-net-core-backend\/\" class=\"group relative bg-white flex flex-col h-full rounded-2xl overflow-hidden border border-slate-200 hover:border-indigo-500 transition-all duration-300 hover:shadow-2xl hover:-translate-y-1\">\n                    <div class=\"aspect-[16\/10] overflow-hidden bg-indigo-100 relative\">\n                        <div class=\"absolute inset-0 bg-indigo-600\/10 group-hover:bg-transparent transition-colors duration-300 z-10\"><\/div>\n                        <img decoding=\"async\" src=\"https:\/\/images.unsplash.com\/photo-1555066931-4365d14bab8c?q=80&w=800&auto=format&fit=crop\" alt=\".NET\" class=\"w-full h-full object-cover transition-transform duration-700 group-hover:scale-110\" \/>\n                    <\/div>\n                    <div class=\"p-8 flex flex-col flex-grow\">\n                        <div class=\"flex items-center gap-2 text-[10px] font-bold tracking-widest mb-4\">\n                            <span class=\"text-indigo-600 bg-indigo-50 px-2 py-1 rounded\">MICROSOFT<\/span>\n                            <span class=\"text-slate-300\">\u2022<\/span>\n                            <span class=\"text-slate-500 uppercase\">ENTERPRISE<\/span>\n                        <\/div>\n                        <h3 class=\"text-2xl text-slate-800 font-bold mb-3 group-hover:text-indigo-600 transition-colors\">Desarrollo .NET Core<\/h3>\n                        <p class=\"text-sm text-slate-500 leading-relaxed mb-8 flex-grow\">Construye aplicaciones cross-platform modernas con C# y despliega en Azure Cloud.<\/p>\n                        <div class=\"pt-6 border-t border-slate-100 flex items-center justify-between mt-auto\">\n                            <div class=\"flex items-center gap-4 text-xs font-medium text-slate-400\">\n                                <div class=\"flex items-center gap-1.5 group-hover:text-indigo-500 transition-colors\"><svg xmlns=\"http:\/\/www.w3.org\/2000\/svg\" width=\"14\" height=\"14\" viewBox=\"0 0 24 24\" fill=\"none\" stroke=\"currentColor\" stroke-width=\"2.5\" stroke-linecap=\"round\" stroke-linejoin=\"round\"><circle cx=\"12\" cy=\"12\" r=\"10\"\/><polyline points=\"12 6 12 12 16 14\"\/><\/svg><span>20h<\/span><\/div>\n                                \n                            <\/div>\n                            <div class=\"flex items-center gap-2 text-lg font-bold text-indigo-600\"><div class=\"bg-indigo-600 text-white p-1 rounded-full group-hover:translate-x-1 transition-transform\"><svg xmlns=\"http:\/\/www.w3.org\/2000\/svg\" width=\"16\" height=\"16\" viewBox=\"0 0 24 24\" fill=\"none\" stroke=\"currentColor\" stroke-width=\"3\" stroke-linecap=\"round\" stroke-linejoin=\"round\"><path d=\"M5 12h14\"\/><path d=\"m12 5 7 7-7 7\"\/><\/svg><\/div><\/div>\n                        <\/div>\n                    <\/div>\n                <\/a>\n\n                <a href=\"https:\/\/kronoslearning.es\/index.php\/curso-php-laravel-backend\/\" class=\"group relative bg-white flex flex-col h-full rounded-2xl overflow-hidden border border-slate-200 hover:border-cyan-500 transition-all duration-300 hover:shadow-2xl hover:-translate-y-1\">\n                    <div class=\"aspect-[16\/10] overflow-hidden bg-cyan-100 relative\">\n                        <div class=\"absolute inset-0 bg-cyan-600\/10 group-hover:bg-transparent transition-colors duration-300 z-10\"><\/div>\n                        <img decoding=\"async\" src=\"https:\/\/images.unsplash.com\/photo-1599507593499-a3f7d7d97667?q=80&w=800&auto=format&fit=crop\" alt=\"PHP\" class=\"w-full h-full object-cover transition-transform duration-700 group-hover:scale-110\" \/>\n                    <\/div>\n                    <div class=\"p-8 flex flex-col flex-grow\">\n                        <div class=\"flex items-center gap-2 text-[10px] font-bold tracking-widest mb-4\">\n                            <span class=\"text-cyan-600 bg-cyan-50 px-2 py-1 rounded\">OPEN SOURCE<\/span>\n                            <span class=\"text-slate-300\">\u2022<\/span>\n                            <span class=\"text-slate-500 uppercase\">WEB DEV<\/span>\n                        <\/div>\n                        <h3 class=\"text-2xl text-slate-800 font-bold mb-3 group-hover:text-cyan-600 transition-colors\">PHP & Laravel<\/h3>\n                        <p class=\"text-sm text-slate-500 leading-relaxed mb-8 flex-grow\">Domina el ecosistema Laravel para crear aplicaciones web r\u00e1pidas y seguras con arquitectura MVC.<\/p>\n                        <div class=\"pt-6 border-t border-slate-100 flex items-center justify-between mt-auto\">\n                            <div class=\"flex items-center gap-4 text-xs font-medium text-slate-400\">\n                                <div class=\"flex items-center gap-1.5 group-hover:text-cyan-500 transition-colors\"><svg xmlns=\"http:\/\/www.w3.org\/2000\/svg\" width=\"14\" height=\"14\" viewBox=\"0 0 24 24\" fill=\"none\" stroke=\"currentColor\" stroke-width=\"2.5\" stroke-linecap=\"round\" stroke-linejoin=\"round\"><circle cx=\"12\" cy=\"12\" r=\"10\"\/><polyline points=\"12 6 12 12 16 14\"\/><\/svg><span>20h<\/span><\/div>\n                                \n                            <\/div>\n                            <div class=\"flex items-center gap-2 text-lg font-bold text-cyan-600\"><div class=\"bg-cyan-600 text-white p-1 rounded-full group-hover:translate-x-1 transition-transform\"><svg xmlns=\"http:\/\/www.w3.org\/2000\/svg\" width=\"16\" height=\"16\" viewBox=\"0 0 24 24\" fill=\"none\" stroke=\"currentColor\" stroke-width=\"3\" stroke-linecap=\"round\" stroke-linejoin=\"round\"><path d=\"M5 12h14\"\/><path d=\"m12 5 7 7-7 7\"\/><\/svg><\/div><\/div>\n                        <\/div>\n                    <\/div>\n                <\/a>\n\n            <\/div>\n        <\/div>\n    <\/section>\n\n<\/body>\n<\/html>\t\t\t\t<\/div>\n\t\t\t\t\t<\/div>\n\t\t\t\t<\/div>\n\t\t\t\t<\/div>\n\t\t","protected":false},"excerpt":{"rendered":"<p>Cat\u00e1logo Nuestros cursos Explora nuestra oferta formativa y encuentra el curso perfecto para impulsar tu carrera en tecnolog\u00eda. Cursos T\u00e9cnicos [&hellip;]<\/p>\n","protected":false},"author":1,"featured_media":0,"parent":0,"menu_order":0,"comment_status":"closed","ping_status":"closed","template":"","meta":{"site-sidebar-layout":"no-sidebar","site-content-layout":"","ast-site-content-layout":"full-width-container","site-content-style":"default","site-sidebar-style":"default","ast-global-header-display":"","ast-banner-title-visibility":"","ast-main-header-display":"","ast-hfb-above-header-display":"","ast-hfb-below-header-display":"","ast-hfb-mobile-header-display":"","site-post-title":"disabled","ast-breadcrumbs-content":"","ast-featured-img":"disabled","footer-sml-layout":"","ast-disable-related-posts":"","theme-transparent-header-meta":"default","adv-header-id-meta":"","stick-header-meta":"","header-above-stick-meta":"","header-main-stick-meta":"","header-below-stick-meta":"","astra-migrate-meta-layouts":"set","ast-page-background-enabled":"default","ast-page-background-meta":{"desktop":{"background-color":"var(--ast-global-color-5)","background-image":"","background-repeat":"repeat","background-position":"center center","background-size":"auto","background-attachment":"scroll","background-type":"","background-media":"","overlay-type":"","overlay-color":"","overlay-opacity":"","overlay-gradient":""},"tablet":{"background-color":"","background-image":"","background-repeat":"repeat","background-position":"center center","background-size":"auto","background-attachment":"scroll","background-type":"","background-media":"","overlay-type":"","overlay-color":"","overlay-opacity":"","overlay-gradient":""},"mobile":{"background-color":"","background-image":"","background-repeat":"repeat","background-position":"center center","background-size":"auto","background-attachment":"scroll","background-type":"","background-media":"","overlay-type":"","overlay-color":"","overlay-opacity":"","overlay-gradient":""}},"ast-content-background-meta":{"desktop":{"background-color":"var(--ast-global-color-4)","background-image":"","background-repeat":"repeat","background-position":"center center","background-size":"auto","background-attachment":"scroll","background-type":"","background-media":"","overlay-type":"","overlay-color":"","overlay-opacity":"","overlay-gradient":""},"tablet":{"background-color":"var(--ast-global-color-4)","background-image":"","background-repeat":"repeat","background-position":"center center","background-size":"auto","background-attachment":"scroll","background-type":"","background-media":"","overlay-type":"","overlay-color":"","overlay-opacity":"","overlay-gradient":""},"mobile":{"background-color":"var(--ast-global-color-4)","background-image":"","background-repeat":"repeat","background-position":"center center","background-size":"auto","background-attachment":"scroll","background-type":"","background-media":"","overlay-type":"","overlay-color":"","overlay-opacity":"","overlay-gradient":""}},"footnotes":""},"class_list":["post-53","page","type-page","status-publish","hentry"],"_links":{"self":[{"href":"https:\/\/kronoslearning.es\/index.php\/wp-json\/wp\/v2\/pages\/53","targetHints":{"allow":["GET"]}}],"collection":[{"href":"https:\/\/kronoslearning.es\/index.php\/wp-json\/wp\/v2\/pages"}],"about":[{"href":"https:\/\/kronoslearning.es\/index.php\/wp-json\/wp\/v2\/types\/page"}],"author":[{"embeddable":true,"href":"https:\/\/kronoslearning.es\/index.php\/wp-json\/wp\/v2\/users\/1"}],"replies":[{"embeddable":true,"href":"https:\/\/kronoslearning.es\/index.php\/wp-json\/wp\/v2\/comments?post=53"}],"version-history":[{"count":23,"href":"https:\/\/kronoslearning.es\/index.php\/wp-json\/wp\/v2\/pages\/53\/revisions"}],"predecessor-version":[{"id":147,"href":"https:\/\/kronoslearning.es\/index.php\/wp-json\/wp\/v2\/pages\/53\/revisions\/147"}],"wp:attachment":[{"href":"https:\/\/kronoslearning.es\/index.php\/wp-json\/wp\/v2\/media?parent=53"}],"curies":[{"name":"wp","href":"https:\/\/api.w.org\/{rel}","templated":true}]}}